{"id":12810,"date":"2017-06-08T12:15:11","date_gmt":"2017-06-08T12:15:11","guid":{"rendered":"http:\/\/protokoloa.eus?page_id=12810"},"modified":"2021-08-30T08:09:04","modified_gmt":"2021-08-30T08:09:04","slug":"que-es-el-protocolo","status":"publish","type":"page","link":"https:\/\/protokoloa.eus\/?page_id=12810&lang=es","title":{"rendered":"\u00bfQu\u00e9 es el Protocolo?"},"content":{"rendered":"<div class=\"fusion-fullwidth fullwidth-box fusion-builder-row-1 nonhundred-percent-fullwidth non-hundred-percent-height-scrolling\" style=\"background-color: rgba(255,255,255,0);background-position: center center;background-repeat: no-repeat;padding-top:0px;padding-right:0px;padding-bottom:0px;padding-left:0px;margin-bottom: 0px;margin-top: 0px;border-width: 0px 0px 0px 0px;border-color:#eae9e9;border-style:solid;\" ><div class=\"fusion-builder-row fusion-row\"><div class=\"fusion-layout-column fusion_builder_column fusion-builder-column-0 fusion_builder_column_1_1 1_1 fusion-one-full fusion-column-first fusion-column-last\" style=\"margin-top:0px;margin-bottom:0px;\"><div class=\"fusion-column-wrapper fusion-flex-column-wrapper-legacy\" style=\"background-position:left top;background-repeat:no-repeat;-webkit-background-size:cover;-moz-background-size:cover;-o-background-size:cover;background-size:cover;padding: 0px 0px 0px 0px;\"><div class=\"fusion-text fusion-text-1\"><h2>\u00bfQU\u00c9 ES EL PROTOCOLO?<img class=\"wp-image-12576 size-full alignleft\" src=\"https:\/\/protokoloa.eus\/wp-content\/uploads\/2017\/06\/protokooa_liburua.jpg\" alt=\"\" width=\"271\" height=\"350\" srcset=\"https:\/\/protokoloa.eus\/wp-content\/uploads\/2017\/06\/protokooa_liburua-200x258.jpg 200w, https:\/\/protokoloa.eus\/wp-content\/uploads\/2017\/06\/protokooa_liburua-232x300.jpg 232w, https:\/\/protokoloa.eus\/wp-content\/uploads\/2017\/06\/protokooa_liburua.jpg 271w\" sizes=\"(max-width: 271px) 100vw, 271px\" \/><\/h2>\n<p><strong>\u00bfQu\u00e9 es el Protocolo para la Garant\u00eda de los Derechos Ling\u00fc\u00edsticos?<\/strong><\/p>\n<p>El Protocolo es un documento en favor de la igualdad de las lenguas y para garantizar el desarrollo de las lenguas que est\u00e1n en desventaja. Es un documento realizado con las propuestas de los agentes sociales y los consejos de un Comit\u00e9 Cient\u00edfico. Es la suma de las medidas m\u00ednimas que se deben tener en cuenta para que se garanticen los derechos ling\u00fc\u00edsticos de todas las personas.<\/p>\n<p><strong>La base: La Declaraci\u00f3n de Barcelona: <\/strong><\/p>\n<p>La Declaraci\u00f3n Universal de los Derechos Ling\u00fc\u00edsticos de 1996 fue una aportaci\u00f3n que realiz\u00f3 la sociedad civil en defensa de los derechos ling\u00fc\u00edsticos. Veinte a\u00f1os despu\u00e9s, hemos dado un nuevo paso, en Donostia.<\/p>\n<p><strong>Liderazgo de la sociedad civil<\/strong><\/p>\n<p>Este proyecto parte de los agentes sociales. Se han empoderado para acordar una importante carta social, para que seguidamente la hagan suya, entidades de todos los niveles.<\/p>\n<p><strong>Proceso de constituci\u00f3n del Protocolo<\/strong><\/p>\n<p>Agentes sociales y personas interesadas en el \u00e1mbito de las lenguas, propusieron medidas concretas en el primer semestre del 2016. Despu\u00e9s de que el Comit\u00e9 Cient\u00edfico ordenara esas medidas, el Comit\u00e9 Organizador se las present\u00f3 a los agentes sociales para que estos las confirmaran. Al final del proceso, el Protocolo se present\u00f3 en Donostia en diciembre de 2016.<\/p>\n<h4><strong>Promotores:<\/strong><\/h4>\n<p><a href=\"https:\/\/protokoloa.eus\/wp-content\/uploads\/2021\/08\/LOGO_KONTSEILUA-05.jpg\"><img class=\"alignnone wp-image-13402\" src=\"https:\/\/protokoloa.eus\/wp-content\/uploads\/2021\/08\/LOGO_KONTSEILUA-05-300x84.jpg\" alt=\"\" width=\"200\" height=\"56\" srcset=\"https:\/\/protokoloa.eus\/wp-content\/uploads\/2021\/08\/LOGO_KONTSEILUA-05-200x56.jpg 200w, https:\/\/protokoloa.eus\/wp-content\/uploads\/2021\/08\/LOGO_KONTSEILUA-05-300x84.jpg 300w, https:\/\/protokoloa.eus\/wp-content\/uploads\/2021\/08\/LOGO_KONTSEILUA-05-400x112.jpg 400w, https:\/\/protokoloa.eus\/wp-content\/uploads\/2021\/08\/LOGO_KONTSEILUA-05-600x167.jpg 600w, https:\/\/protokoloa.eus\/wp-content\/uploads\/2021\/08\/LOGO_KONTSEILUA-05-768x214.jpg 768w, https:\/\/protokoloa.eus\/wp-content\/uploads\/2021\/08\/LOGO_KONTSEILUA-05-800x223.jpg 800w, https:\/\/protokoloa.eus\/wp-content\/uploads\/2021\/08\/LOGO_KONTSEILUA-05-1024x286.jpg 1024w, https:\/\/protokoloa.eus\/wp-content\/uploads\/2021\/08\/LOGO_KONTSEILUA-05.jpg 1100w\" sizes=\"(max-width: 200px) 100vw, 200px\" \/><\/a>\u00a0 \u00a0 \u00a0<img class=\"alignnone size-full wp-image-314\" src=\"https:\/\/protokoloa.eus\/wp-content\/uploads\/2015\/04\/dss2016_250.jpg\" alt=\"\" width=\"250\" height=\"65\" \/><\/p>\n<h4><strong>Organizadores:<\/strong><\/h4>\n<p>Organizaciones no gubernamentales de Europa e internacionales que trabajan por los derechos humanos y derechos ling\u00fc\u00edsticos.<\/p>\n<p><a href=\"http:\/\/www.unpo.org\"><img class=\"alignnone wp-image-318 size-full\" src=\"https:\/\/protokoloa.eus\/wp-content\/uploads\/2015\/04\/unpo_250.jpg\" alt=\"\" width=\"250\" height=\"96\" \/><\/a>\u00a0\u00a0 <a href=\"http:\/\/www.pen-international.org\"><img class=\"alignnone wp-image-320\" src=\"https:\/\/protokoloa.eus\/wp-content\/uploads\/2015\/04\/pen_250.jpg\" alt=\"\" width=\"150\" height=\"98\" \/><\/a>\u00a0\u00a0 <a href=\"http:\/\/www.linguapax.org\"><img class=\"alignnone wp-image-319\" src=\"https:\/\/protokoloa.eus\/wp-content\/uploads\/2015\/04\/linguapax_250.jpg\" alt=\"\" width=\"220\" height=\"95\" \/><\/a><\/p>\n<p><a href=\"http:\/\/www.ciemen.cat\"><img class=\"alignnone wp-image-322\" src=\"https:\/\/protokoloa.eus\/wp-content\/uploads\/2015\/04\/ciemen_250.jpg\" alt=\"\" width=\"300\" height=\"66\" \/><\/a>\u00a0\u00a0 <a href=\"https:\/\/www.facebook.com\/EuropeanLanguageEqualityNetwork\/\"><img class=\"alignnone wp-image-13123\" src=\"https:\/\/protokoloa.eus\/wp-content\/uploads\/2015\/04\/elen-logo.jpg\" alt=\"\" width=\"300\" height=\"53\" srcset=\"https:\/\/protokoloa.eus\/wp-content\/uploads\/2015\/04\/elen-logo-200x35.jpg 200w, https:\/\/protokoloa.eus\/wp-content\/uploads\/2015\/04\/elen-logo.jpg 250w\" sizes=\"(max-width: 300px) 100vw, 300px\" \/><\/a>\u00a0\u00a0 <a href=\"http:\/\/www.ecmi.de\/home\/\"><img class=\"alignnone wp-image-323 size-full\" src=\"https:\/\/protokoloa.eus\/wp-content\/uploads\/2015\/04\/ecfmi_250.jpg\" alt=\"\" width=\"250\" height=\"79\" \/><\/a><\/p>\n<\/div><div class=\"fusion-clearfix\"><\/div><\/div><\/div><\/div><\/div>\n","protected":false},"excerpt":{"rendered":"","protected":false},"author":1,"featured_media":0,"parent":0,"menu_order":0,"comment_status":"closed","ping_status":"closed","template":"","meta":[],"_links":{"self":[{"href":"https:\/\/protokoloa.eus\/index.php?rest_route=\/wp\/v2\/pages\/12810"}],"collection":[{"href":"https:\/\/protokoloa.eus\/index.php?rest_route=\/wp\/v2\/pages"}],"about":[{"href":"https:\/\/protokoloa.eus\/index.php?rest_route=\/wp\/v2\/types\/page"}],"author":[{"embeddable":true,"href":"https:\/\/protokoloa.eus\/index.php?rest_route=\/wp\/v2\/users\/1"}],"replies":[{"embeddable":true,"href":"https:\/\/protokoloa.eus\/index.php?rest_route=%2Fwp%2Fv2%2Fcomments&post=12810"}],"version-history":[{"count":7,"href":"https:\/\/protokoloa.eus\/index.php?rest_route=\/wp\/v2\/pages\/12810\/revisions"}],"predecessor-version":[{"id":13420,"href":"https:\/\/protokoloa.eus\/index.php?rest_route=\/wp\/v2\/pages\/12810\/revisions\/13420"}],"wp:attachment":[{"href":"https:\/\/protokoloa.eus\/index.php?rest_route=%2Fwp%2Fv2%2Fmedia&parent=12810"}],"curies":[{"name":"wp","href":"https:\/\/api.w.org\/{rel}","templated":true}]}}

¿Qué es el Protocolo?

<div class="fusion-fullwidth fullwidth-box fusion-builder-row-1 nonhundred-percent-fullwidth non-hundred-percent-height-scrolling" style="background-color: rgba(255,255,255,0);background-position: center center;background-repeat: no-repeat;padding-top:0px;padding-right:0px;padding-bottom:0px;padding-left:0px;margin-bottom: 0px;margin-top: 0px;border-width: 0px 0px 0px 0px;border-color:#eae9e9;border-style:solid;" ><div class="fusion-builder-row fusion-row"><div class="fusion-layout-column fusion_builder_column fusion-builder-column-0 fusion_builder_column_1_1 1_1 fusion-one-full fusion-column-first fusion-column-last" style="margin-top:0px;margin-bottom:0px;"><div class="fusion-column-wrapper fusion-flex-column-wrapper-legacy" style="background-position:left top;background-repeat:no-repeat;-webkit-background-size:cover;-moz-background-size:cover;-o-background-size:cover;background-size:cover;padding: 0px 0px 0px 0px;"><div class="fusion-text fusion-text-1"><h2>¿QUÉ ES EL PROTOCOLO?<img class="wp-image-12576 size-full alignleft" src="https://protokoloa.eus/wp-content/uploads/2017/06/protokooa_liburua.jpg" alt="" width="271" height="350" srcset="https://protokoloa.eus/wp-content/uploads/2017/06/protokooa_liburua-200x258.jpg 200w, https://protokoloa.eus/wp-content/uploads/2017/06/protokooa_liburua-232x300.jpg 232w, https://protokoloa.eus/wp-content/uploads/2017/06/protokooa_liburua.jpg 271w" sizes="(max-width: 271px) 100vw, 271px" /></h2>
<p><strong>¿Qué es el Protocolo para la Garantía de los Derechos Lingüísticos?</strong></p>
<p>El Protocolo es un documento en favor de la igualdad de las lenguas y para garantizar el desarrollo de las lenguas que están en desventaja. Es un documento realizado con las propuestas de los agentes sociales y los consejos de un Comité Científico. Es la suma de las medidas mínimas que se deben tener en cuenta para que se garanticen los derechos lingüísticos de todas las personas.</p>
<p><strong>La base: La Declaración de Barcelona: </strong></p>
<p>La Declaración Universal de los Derechos Lingüísticos de 1996 fue una aportación que realizó la sociedad civil en defensa de los derechos lingüísticos. Veinte años después, hemos dado un nuevo paso, en Donostia.</p>
<p><strong>Liderazgo de la sociedad civil</strong></p>
<p>Este proyecto parte de los agentes sociales. Se han empoderado para acordar una importante carta social, para que seguidamente la hagan suya, entidades de todos los niveles.</p>
<p><strong>Proceso de constitución del Protocolo</strong></p>
<p>Agentes sociales y personas interesadas en el ámbito de las lenguas, propusieron medidas concretas en el primer semestre del 2016. Después de que el Comité Científico ordenara esas medidas, el Comité Organizador se las presentó a los agentes sociales para que estos las confirmaran. Al final del proceso, el Protocolo se presentó en Donostia en diciembre de 2016.</p>
<h4><strong>Promotores:</strong></h4>
<p><a href="https://protokoloa.eus/wp-content/uploads/2021/08/LOGO_KONTSEILUA-05.jpg"><img class="alignnone wp-image-13402" src="https://protokoloa.eus/wp-content/uploads/2021/08/LOGO_KONTSEILUA-05-300x84.jpg" alt="" width="200" height="56" srcset="https://protokoloa.eus/wp-content/uploads/2021/08/LOGO_KONTSEILUA-05-200x56.jpg 200w, https://protokoloa.eus/wp-content/uploads/2021/08/LOGO_KONTSEILUA-05-300x84.jpg 300w, https://protokoloa.eus/wp-content/uploads/2021/08/LOGO_KONTSEILUA-05-400x112.jpg 400w, https://protokoloa.eus/wp-content/uploads/2021/08/LOGO_KONTSEILUA-05-600x167.jpg 600w, https://protokoloa.eus/wp-content/uploads/2021/08/LOGO_KONTSEILUA-05-768x214.jpg 768w, https://protokoloa.eus/wp-content/uploads/2021/08/LOGO_KONTSEILUA-05-800x223.jpg 800w, https://protokoloa.eus/wp-content/uploads/2021/08/LOGO_KONTSEILUA-05-1024x286.jpg 1024w, https://protokoloa.eus/wp-content/uploads/2021/08/LOGO_KONTSEILUA-05.jpg 1100w" sizes="(max-width: 200px) 100vw, 200px" /></a>     <img class="alignnone size-full wp-image-314" src="https://protokoloa.eus/wp-content/uploads/2015/04/dss2016_250.jpg" alt="" width="250" height="65" /></p>
<h4><strong>Organizadores:</strong></h4>
<p>Organizaciones no gubernamentales de Europa e internacionales que trabajan por los derechos humanos y derechos lingüísticos.</p>
<p><a href="http://www.unpo.org"><img class="alignnone wp-image-318 size-full" src="https://protokoloa.eus/wp-content/uploads/2015/04/unpo_250.jpg" alt="" width="250" height="96" /></a>   <a href="http://www.pen-international.org"><img class="alignnone wp-image-320" src="https://protokoloa.eus/wp-content/uploads/2015/04/pen_250.jpg" alt="" width="150" height="98" /></a>   <a href="http://www.linguapax.org"><img class="alignnone wp-image-319" src="https://protokoloa.eus/wp-content/uploads/2015/04/linguapax_250.jpg" alt="" width="220" height="95" /></a></p>
<p><a href="http://www.ciemen.cat"><img class="alignnone wp-image-322" src="https://protokoloa.eus/wp-content/uploads/2015/04/ciemen_250.jpg" alt="" width="300" height="66" /></a>   <a href="https://www.facebook.com/EuropeanLanguageEqualityNetwork/"><img class="alignnone wp-image-13123" src="https://protokoloa.eus/wp-content/uploads/2015/04/elen-logo.jpg" alt="" width="300" height="53" srcset="https://protokoloa.eus/wp-content/uploads/2015/04/elen-logo-200x35.jpg 200w, https://protokoloa.eus/wp-content/uploads/2015/04/elen-logo.jpg 250w" sizes="(max-width: 300px) 100vw, 300px" /></a>   <a href="http://www.ecmi.de/home/"><img class="alignnone wp-image-323 size-full" src="https://protokoloa.eus/wp-content/uploads/2015/04/ecfmi_250.jpg" alt="" width="250" height="79" /></a></p>
</div><div class="fusion-clearfix"></div></div></div></div></div>
